*d**3 - 10*d**2. Let l be y(6). Let x(a) = -9*a**3 + 2*a**2 - 2*a + 1. Determine x(l).
-8
Let y(b) be the third derivative of b**4/4 + b**3/3 + 10*b**2. What is y(-5)?
-28
Let i(a) = a**2 + 7*a + 8. Let q be (1*18)/((-12)/(-8)). Let y(k) = 3*k + 2*k + 0*k - 2*k + q. Let t be y(-6). Give i(t).
2
Let d(l) = -3*l - 7. Let v be (-4)/18 + 404/36. Suppose -31 + v = 4*y. Let a(g) = -4*g - 7. Let q(n) = y*d(n) + 4*a(n). Determine q(0).
7
Let f = -2947 + 2943. Let m(w) = -w**2 - 6*w - 10. Give m(f).
-2
Let v = 970 - 983. Let b(o) = 2*o + 31. Determine b(v).
5
Suppose 4*c = 8*c + 5*w + 5, -4*c = 3*w + 3. Let x(s) = 3 + 161*s**2 + c*s + 4*s - 162*s**2. Calculate x(6).
-9
Let w(d) be the second derivative of -d**3/3 - d**2/2 - d. Let c be 10 + (-3 + 2)*3 - 2. Suppose x + c - 1 = b, 2*x + 14 = -4*b. Give w(b).
1
Let m(g) be the first derivative of g**4/4 - 2*g**3 + 3*g**2 - 9*g + 13. Calculate m(6).
27
Let x(u) = 0*u**2 + u**2 + 2*u - 2*u - 8 - 3*u. Suppose 13 = 9*m - 41. What is x(m)?
10
Let h(k) = -k - 3. Let j(i) = 9*i + 15. Let c(n) = 4*h(n) + j(n). Calculate c(3).
18
Suppose 5*x - 9*f = -7*f + 22, 4*x - 5*f = 4. Let p(w) = -2 + w + 1 + 2. Determine p(x).
7
Let q(s) = -4 - 2*s**2 - s**2 + 6 - 7*s + 2*s**2. Determine q(-6).
8
Suppose 8*n - 29 = 4*n - 5*j, 0 = -2*n + 5*j + 7. Let d(a) be the second derivative of -7/6*a**3 + 0 + 7/12*a**4 + 0*a**2 - 1/20*a**5 + 2*a. Calculate d(n).
-6
Suppose 0*g = -g + 2. Suppose -19 + 7 = -g*i. Let h(r) = -5*r**3 + 2*r + 6*r**3 - 2*r - r**2 - i. What is h(0)?
-6
Let w(q) = 1 + 43*q + 1 - 42*q - 8. Calculate w(8).
2
Let i(j) = j + 4. Let s be i(-4). Let g(v) = -v - 1. Let p(u) = -7. Let z(t) = -4. Let k(l) = -3*p(l) + 5*z(l). Let q(f) = -g(f) - 5*k(f). What is q(s)?
-4
Suppose 5*v = -5*y + y + 24, 3*v - 12 = 0. Suppose -3*h - y = 5*j + 13, 3*j = h - 14. Suppose -h*m - 12 = m. Let u(q) = q**2 + 5*q. Calculate u(m).
-4
Suppose 9*a - 13*a = -5*r - 1, -a = 4*r - 16. Let l(u) = -3 - 3*u - 3 + 3*u + 4*u. Calculate l(a).
10
Let v(w) = 24*w + 178. Let r(a) = 5*a + 37. Let i(h) = 14*r(h) - 3*v(h). Determine i(-5).
-6
Let v be (-6)/(-10) - (-216)/15. Let p = v + -13. Let u(f) = -2*f**3 + 3*f**3 + 3*f + 5*f**2 - 1 - f**p. Determine u(-3).
-1
Let z(g) = 18 + g**3 - 3*g + 2*g**2 - 4 + 0*g - 11. Suppose 4 = s + 7. Determine z(s).
3
Let j(d) = -4 - 4*d**2 + 12*d**2 - 7*d**2 + 3*d - 2*d. Determine j(-4).
8
Let r(a) = -4*a**3 - 11*a**2 + 29*a. Suppose -2*c - 10 = -6. Let z(w) = w**3 + 3*w**2 - 7*w. Let n(t) = c*r(t) - 9*z(t). What is n(-6)?
6
Let i = -9 - -17. Suppose -10*w + 14 = -i*w. Let b(m) = m**3 - 8*m**2 + 8*m - 2. Give b(w).
5
Let a(r) = -r**2 + 10*r - 3. Suppose 4*x + 4*z = 28, 5*x - 20 = 5*z + 15. Give a(x).
18
Let l(p) = -5*p**2 - 14*p. Let k(w) = w**2 + 2*w + 1. Let a(y) = 6*k(y) + l(y). Give a(0).
6
Let g be 979/22 + 1/2. Let l = g - 47. Let p(r) = -7*r - 3. What is p(l)?
11
Let p(v) = 22*v**2 + 27*v - 40. Let m(r) = -5*r**2 - 6*r + 9. Let x(b) = -9*m(b) - 2*p(b). Let c = 2 + -1. Calculate x(c).
0
Let a(v) be the first derivative of 10 + 4 - 2*v**2 + 2 + v + 2*v. What is a(-4)?
19
Suppose 4*k - 4 = -2*z, 0 = -k + z + 5 - 1. Let b(q) = -3 - 4*q - 1 + q**3 + 234*q**k - 237*q**2. Calculate b(4).
-4
Let n(l) = l**2 + l - 1. Suppose -2*o = -3*i - o - 16, 2*i - 5*o = -2. Let f(x) = 10*x - 5 - 5 + 7*x**2 + 1. Let d(w) = i*n(w) + f(w). What is d(-4)?
-3
Let p = -1002 + 997. Let u(g) be the first derivative of g**3/3 + 3*g**2 + 4*g + 8. Give u(p).
-1
Let k be -1*(-20)/(8 - 13). Let x(p) = 7*p + 3. What is x(k)?
-25
Suppose -2*w + t = -28, -8*t = w - 3*t + 8. Let g(n) = n**2 - 13*n + 7. Calculate g(w).
-5
Let z(n) = -n - 5. Suppose 0 = 137*c - 139*c. Calculate z(c).
-5
Let r(w) = -7*w**3 + 2*w**2 + 19*w - 18. Let c(d) = -d**3 - d**2 + 4*d - 2. Let u(o) = -6*c(o) + r(o). What is u(5)?
44
Let i(d) = 21*d**2 - 6*d - 3. Let r(y) = 5*y**2 - y. Let t(z) = i(z) - 4*r(z). Calculate t(5).
12
Let c(i) = -5*i**2 + 8*i + 1. Let w(p) = 6*p**2 - 9*p. Let m(k) = 5*c(k) + 4*w(k). Suppose 0*l - 4*l = u - 12, -l = -2. Calculate m(u).
5
Let f be -1 - (-13 - -7) - (-5)/(-1). Let b(d) = -d**3 - 3*d**2 + 2*d - 5. Let x be b(-4). Let p(g) = g - 1 - g**2 + 0 - 1 - g**x. Calculate p(f).
-2
Let s(x) be the third derivative of -x**5/60 - x**4/3 + 3*x**3/2 - 13*x**2. Give s(-7).
16
Let f(p) be the first derivative of -p**4/4 + p**3/3 - 1. Let n be -1 + -4 - (-283 + 278). What is f(n)?
0
Let n(h) = h**3 + h**2 - 3*h - 2. Suppose -2 = -2*a - 10, 4*u - 3*a = 0. Give n(u).
-11
Let y(q) = -4 + 0*q + q**2 + 4*q - 2*q + 7. Let o(w) = -w**3 - 12*w**2 - 10*w + 8. Let i be o(-11). Determine y(i).
6
Let k = -30 - -27. Let n(i) = -3*i**2 - 12*i - i**3 + 34*i - 19*i. Give n(k).
-9
Suppose 0 = r + 3*u + 14 - 1, 0 = -3*r - 3*u - 15. Let d(q) = -6*q**3 - 26 + 26. What is d(r)?
6
Let l(t) be the first derivative of -1/4*t**4 - 3*t**3 - 2*t - 9/2*t**2 + 7. Determine l(-8).
6
Suppose 0 = -5*h - 3*a + 5*a + 21, -h = -2*a - 1. Let k(y) = 7*y**2 + y + 6. Let b(c) = 6*c**2 + c + 5. Let x(t) = h*k(t) - 6*b(t). What is x(-2)?
-2
Suppose 3*q + k + 35 = 0, -7*k + 5 = -q - 4*k. Let j(p) = p**2 + 13*p + 5. Determine j(q).
-17
Suppose -2*b + 4*f = 8, 2*f - 3*f = 3*b + 26. Let a(l) = l**2 + 13*l + 10. Give a(b).
-30
Let l(o) = -2*o**2 - 4*o - 5. Suppose -17*b - 24 = -11*b. Give l(b).
-21
Let r be 2/4*0 - 2. Let b(g) be the third derivative of g**6/180 - g**4/12 - 11*g**3/3 + 16*g**2. Let j(p) be the first derivative of b(p). What is j(r)?
6
Let j(d) = -d**3 - 8*d**2 - d + 2. Let p = 184 - 192. Determine j(p).
10
Suppose 3*m = -3*d + 9, 3*d + 2*m - 8 = 2*d. Let j(l) = 7*l**3 - l**2 - 6*l - 6. Let w(u) = 3*u**3 - 3*u - 3. Let s(b) = -2*j(b) + 5*w(b). Give s(d).
3
Let y(z) = -17*z - 9. Let s(i) = 26*i + 14. Let n(d) = 5*s(d) + 8*y(d). Suppose -14*h + 344 - 302 = 0. Determine n(h).
-20
Suppose 2*v = 5*p - 2*v - 14, 4*p - 12 = 4*v. Suppose d = -c, -5*d + p*c = -45 + 10. Let w = d + -8. Let s(z) = z. Calculate s(w).
-3
Let c(v) be the first derivative of -v**3/3 + 3*v**2 - 9*v + 3. Suppose 0 = 2*x + 5*i - 79, -10*x + 5*x + 3*i = -244. Let r = x + -41. What is c(r)?
-9
Let y(l) be the second derivative of -l**3/6 - l**2 - 2*l. Let a(t) = t**2 + 29*t - 141. Let f be a(-33). What is y(f)?
7
Let j(g) = 16*g - g**3 + 17*g + 10*g**2 - 11*g - 31*g + 4. Determine j(9).
4
Let i(z) = -z**2 - 16*z + 12. Let q be i(-17). Let g(m) = -m**2 - 3*m + 6. Calculate g(q).
-4
Let l(p) = -p**3 + 6*p**2 - 7*p + 2. Let d(q) = -q**3 + 6*q**2 - 7*q + 4. Let k be d(4). Let t be 28/k + 1/2. Suppose 0*y + 29 = 5*z + y, t = y. Determine l(z).
-8
Suppose 5*m + 132 = -2*l - 53, -3*m - 4*l - 97 = 0. Let v be (-2)/5 + m/15. Let g(s) = 4*s. Let a(t) = t - 1. Let d(w) = -2*a(w) + g(w). Give d(v).
-4
Suppose -a - u + 8 = 0, -5*a + 39 = 7*u - 3*u. Let z(f) be the first derivative of 1/2*f**2 + a - 3*f. Give z(4).
1
Let x(b) = 1 - 12*b - 11*b + 24*b. Let v be x(-1). Let s(i) = 0 - 6 + 0 - i. Calculate s(v).
-6
Let x(g) be the second derivative of g**7/840 + g**6/60 + g**5/30 + g**4/4 - 47*g**3/6 - 20*g. Let b(f) be the second derivative of x(f). Give b(-5).
11
Suppose -4*s + 17 = -k, -26*k + 23 = -25*k + 4*s. Let y(p) = -4*p**2 - 4*p + 3. Give y(k).
-45
Let g(a) = -a**3 + 5*a**2 - 3*a - 4. Suppose 2*x - 18 = 4*k, -3*k + 3*x = 11 - 2. Let b be (-12)/(-8) + 9/k. Suppose -2*u + 8 - 2 = b. Determine g(u).
5
Let j be (15/(-20))/((-4)/320). Suppose -7*k = -k - j. Let v(w) = -w**3 + 9*w**2 + 10*w - 2. Calculate v(k).
-2
Let s(b) = -3*b + 1. Let j(p) = -2*p**3 - 25*p**2 - 17*p + 1. Let f be j(-12). Let h = -62 + f. Determine s(h).
4
Let k(d) = d**3 + 56*d**2 - 50*d + 404. Let f be k(-57). Let w(i) be the second derivative of i**4/12 - i**3/2 - 2*i**2 - i. Give w(f).
6
Let h(r) = 10*r + r**3 + 18*r**3 + 3 - 18*r**3 + 10*r**2. Determine h(-9).
-6
Let f(l) = 5*l + 1 - 2*l**2 - 14*l - l**3 + 9*l. Suppose 0 = -2*w + 16 - 20. Calculate f(w).
1
Suppose 3*x - 64 = -x - 4*b, 5*b + 40 = 5*x. Let n(o) = -2 + 4*o + 7*o - x*o. Give n(-3).
1
Let j(g) = 2*g - 18*g**3 + 2*g**2 + 7*g - 25*g + 3*g + 12*g. Let l be (2 - 0) + (-2)/2. Calculate j(l).
-17
Let j(b) = b**2 - 7*b - 1. Let x(w) = w**2 - 7*w - 2. Let v(n) = -4*j(n) + 3*x(n). Let d(l) = -l + 7. Let k be d(0). Suppose -2*f - k + 19 = 0. Determine v(f).
4
Let q = 2 - -1. Let a be q - (-3 - (-1 - 1)). S